d by 18?
14
What is the remainder when 323 is divided by 7?
1
What is the remainder when 475 is divided by 151?
22
What is the remainder when 367 is divided by 94?
85
Calculate the remainder when 59 is divided by 5.
4
Calculate the remainder when 213 is divided by 27.
24
Calculate the remainder when 344 is divided by 82.
16
What is the remainder when 248 is divided by 117?
14
Calculate the remainder when 30918 is divided by 20.
18
What is the remainder when 1850 is divided by 92?
10
Calculate the remainder when 59 is divided by 14.
3
Calculate the remainder when 3169 is divided by 21.
19
Calculate the remainder when 724 is divided by 182.
178
What is the remainder when 780 is divided by 194?
4
Calculate the remainder when 655 is divided by 232.
191
What is the remainder when 555 is divided by 76?
23
Calculate the remainder when 145 is divided by 60.
25
Calculate the remainder when 757 is divided by 85.
77
What is the remainder when 707 is divided by 231?
14
What is the remainder when 54 is divided by 9?
0
Calculate the remainder when 706 is divided by 173.
14
Calculate the remainder when 1364 is divided by 13.
12
Calculate the remainder when 41 is divided by 23.
18
Calculate the remainder when 67 is divided by 34.
33
Calculate the remainder when 887 is divided by 11.
7
Calculate the remainder when 54 is divided by 3.
0
Calculate the remainder when 131 is divided by 12.
11
What is the remainder when 146 is divided by 78?
68
Calculate the remainder when 2735 is divided by 74.
71
What is the remainder when 2889 is divided by 145?
134
Calculate the remainder when 545 is divided by 39.
38
What is the remainder when 42 is divided by 11?
9
Calculate the remainder when 864 is divided by 427.
10
What is the remainder when 1130 is divided by 4?
2
Calculate the remainder when 334 is divided by 6.
4
What is the remainder when 89 is divided by 65?
24
Calculate the remainder when 4454 is divided by 10.
4
Calculate the remainder when 486 is divided by 82.
76
Calculate the remainder when 369 is divided by 36.
9
Calculate the remainder when 475 is divided by 233.
9
What is the remainder when 108 is divided by 21?
3
Calculate the remainder when 24 is divided by 18.
6
Calculate the remainder when 298 is divided by 75.
73
What is the remainder when 351 is divided by 185?
166
What is the remainder when 539 is divided by 188?
163
Calculate the remainder when 288 is divided by 268.
20
Calculate the remainder when 2494 is divided by 64.
62
What is the remainder when 311 is divided by 16?
7
What is the remainder when 139 is divided by 10?
9
Calculate the remainder when 416 is divided by 213.
203
Calculate the remainder when 445 is divided by 119.
88
Calculate the remainder when 199 is divided by 12.
7
Calculate the remainder when 31 is divided by 20.
11
Calculate the remainder when 35 is divided by 12.
11
Calculate the remainder when 300 is divided by 79.
63
What is the remainder when 293 is divided by 14?
13
What is the remainder when 335 is divided by 4?
3
Calculate the remainder when 64 is divided by 14.
8
What is the remainder when 229 is divided by 90?
49
What is the remainder when 33 is divided by 15?
3
Calculate the remainder when 50 is divided by 22.
6
Calculate the remainder when 146 is divided by 22.
14
What is the remainder when 480 is divided by 44?
40
Calculate the remainder when 450 is divided by 153.
144
Calculate the remainder when 180 is divided by 81.
18
Calculate the remainder when 633 is divided by 46.
35
Calculate the remainder when 291 is divided by 92.
15
What is the remainder when 97 is divided by 33?
31
What is the remainder when 258 is divided by 68?
54
What is the remainder when 1419 is divided by 27?
15
Calculate the remainder when 5020 is divided by 81.
79
What is the remainder when 230 is divided by 11?
10
What is the remainder when 15393 is divided by 179?
178
Calculate the remainder when 73 is divided by 25.
23
What is the remainder when 233 is divided by 47?
45
What is the remainder when 213 is divided by 111?
102
Calculate the remainder when 43 is divided by 4.
3
Calculate the remainder when 2038 is divided by 17.
15
Calculate the remainder when 353 is divided by 63.
38
What is the remainder when 58 is divided by 30?
28
Calculate the remainder when 270 is divided by 8.
6
What is the remainder when 1923 is divided by 52?
51
What is the remainder when 6770 is divided by 2256?
2
Calculate the remainder when 294 is divided by 146.
2
What is the remainder when 510 is divided by 86?
80
Calculate the remainder when 485 is divided by 18.
17
What is the remainder when 634 is divided by 91?
88
Calculate the remainder when 1119 is divided by 557.
5
What is the remainder when 759 is divided by 109?
105
Calculate the remainder when 9389 is divided by 154.
149
What is the remainder when 237 is divided by 60?
57
What is the remainder when 265 is divided by 28?
13
Calculate the remainder when 879 is divided by 112.
95
What is the remainder when 375 is divided by 98?
81
What is the remainder when 286 is divided by 72?
70
What is the remainder when 3739 is divided by 11?
10
What is the remainder when 73 is divided by 36?
1
What is the remainder when 839 is divided by 15?
14
Calculate the remainder when 574 is divided by 194.
186
Calculate the remainder when 207 is divided by 19.
17
What is the remainder when 1167 is divided by 131?
119
What is the remainder when 1836 is divided by 80?
76
Calculate the remainder when 6606 is divided by 87.
81
What is the remainder when 1430 is divided by 45?
35
What is the remainder when 151 is divided by 3?
1
Calculate the remainder when 116 is divided by 17.
14
What is the remainder when 5362 is divided by 145?
142
What is the remainder when 340 is divided by 3?
1
What is the remainder when 475 is divided by 93?
10
Calculate the remainder when 3740 is divided by 129.
128
What is the remainder when 1792 is divided by 108?
64
Calculate the remainder when 879 is divided by 14.
11
What is the remainder when 621 is divided by 89?
87
Calculate the remainder when 64 is divided by 34.
30
What is the remainder when 37 is divided by 20?
17
What is the remainder when 3715 is divided by 31?
26
Calculate the remainder when 97 is divided by 42.
13
Calculate the remainder when 132 is divided by 37.
21
Calculate the remainder when 706 is divided by 277.
152
What is the remainder when 259 is divided by 88?
83
Calculate the remainder when 823 is divided by 363.
97
What is the remainder when 129 is divided by 71?
58
Calculate the remainder when 673 is divided by 210.
43
What is the remainder when 97 is divided by 31?
4
What is the remainder when 462 is divided by 8?
6
What is the remainder when 532 is divided by 89?
87
What is the remainder when 938 is divided by 63?
56
What is the remainder when 30 is divided by 11?
8
Calculate the remainder when 1389 is divided by 155.
149
What is the remainder when 151 is divided by 80?
71
What is the remainder when 705 is divided by 199?
108
What is the remainder when 976 is divided by 53?
22
What is the remainder when 1454 is divided by 20?
14
What is the remainder when 271 is divided by 35?
26
Calculate the remainder when 1020 is divided by 19.
13
What is the remainder when 2662 is divided by 41?
38
What is the remainder when 53 is divided by 2?
1
What is the remainder when 27 is divided by 6?
3
Calculate the remainder when 48 is divided by 34.
14
Calculate the remainder when 833 is divided by 38.
35
What is the remainder when 825 is divided by 18?
15
Calculate the remainder when 510 is divided by 133.
111
What is the remainder when 2517 is divided by 194?
189
What is the remainder when 2805 is divided by 78?
75
Calculate the remainder when 986 is divided by 170.
136
Calculate the remainder when 625 is divided by 203.
16
Calculate the remainder when 711 is divided by 23.
21
Calculate the remainder when 97 is divided by 23.
5
Calculate the remainder when 230 is divided by 45.
5
What is the remainder when 2924 is divided by 172?
0
Calculate the remainder when 881 is divided by 55.
1
What is the remainder when 196 is divided by 93?
10
Calculate the remainder when 405 is divided by 34.
31
What is the remainder when 612 is divided by 203?
3
Calculate the remainder when 1026 is divided by 271.
213
